 of 8?
False
Is 2 a factor of 1049?
False
Is 52644 a multiple of 321?
True
Is 4474 a multiple of 18?
False
Is 11 a factor of 18160?
False
Is 2366 a multiple of 88?
False
Does 2 divide 1014?
True
Does 55 divide 38209?
False
Does 35 divide 1135?
False
Is 10 a factor of 1304?
False
Is 6 a factor of 215?
False
Is 5576 a multiple of 11?
False
Is 2630 a multiple of 41?
False
Is 10 a factor of 410?
True
Does 119 divide 2834?
False
Is 41 a multiple of 4?
False
Is 300 a multiple of 15?
True
Is 4788 a multiple of 76?
True
Is 1140 a multiple of 60?
True
Does 18 divide 9551?
False
Does 196 divide 10666?
False
Is 1838 a multiple of 11?
False
Is 63 a multiple of 5?
False
Is 22 a factor of 3054?
False
Does 183 divide 10797?
True
Is 65 even?
False
Is 5180 a multiple of 28?
True
Does 16 divide 11289?
False
Is 18 a factor of 20862?
True
Is 21 a factor of 630?
True
Does 39 divide 26442?
True
Is 6 a factor of 1115?
False
Is 51 a factor of 98?
False
Is 31560 a multiple of 15?
True
Does 11 divide 5085?
False
Does 8 divide 2016?
True
Is 5 a factor of 619?
False
Is 77 a factor of 8316?
True
Does 57 divide 4902?
True
Is 2901 a multiple of 24?
False
Does 7 divide 5088?
False
Is 642 a multiple of 6?
True
Does 15 divide 28290?
True
Is 3460 a multiple of 11?
False
Does 64 divide 7325?
False
Is 79218 a multiple of 163?
True
Is 6 a factor of 423?
False
Is 507 a multiple of 55?
False
Does 15 divide 538?
False
Does 31 divide 2015?
True
Does 29 divide 1129?
False
Is 23111 a multiple of 220?
False
Is 52 a multiple of 2?
True
Is 30 a factor of 90?
True
Is 13 a factor of 494?
True
Does 19 divide 266?
True
Is 81 a multiple of 9?
True
Is 5 a factor of 2445?
True
Does 30 divide 17483?
False
Is 9568 a multiple of 208?
True
Is 14110 a multiple of 34?
True
Does 18 divide 783?
False
Is 22 a multiple of 22?
True
Does 15 divide 43266?
False
Is 116 a factor of 55100?
True
Does 30 divide 1202?
False
Is 3 a factor of 1691?
False
Does 80 divide 5247?
False
Is 163 a multiple of 2?
False
Does 61 divide 5795?
True
Does 54 divide 10638?
True
Is 3080 a multiple of 28?
True
Is 25 a factor of 1475?
True
Is 814 a multiple of 22?
True
Does 6 divide 2251?
False
Is 30 a factor of 20430?
True
Does 23 divide 16928?
True
Is 2 a factor of 2744?
True
Is 604 a multiple of 19?
False
Is 1184 a multiple of 16?
True
Does 70 divide 490?
True
Is 1353 a multiple of 4?
False
Does 6 divide 179?
False
Is 142 a factor of 91306?
True
Is 179 a multiple of 11?
False
Does 9 divide 206?
False
Is 8115 a multiple of 15?
True
Does 63 divide 1659?
False
Is 4 a factor of 3633?
False
Is 115 a factor of 34897?
False
Is 25 a factor of 21162?
False
Is 159 a factor of 3498?
True
Does 131 divide 22586?
False
Does 22 divide 33700?
False
Does 101 divide 12650?
False
Does 43 divide 18752?
False
Does 186 divide 130261?
False
Is 11 a factor of 945?
False
Is 15 a factor of 1836?
False
Is 11 a factor of 484?
True
Is 154 a factor of 17864?
True
Is 13 a factor of 39999?
False
Is 258 a factor of 53421?
False
Is 20 a factor of 1180?
True
Is 9 a factor of 11340?
True
Is 1174 a multiple of 36?
False
Does 157 divide 6044?
False
Does 17 divide 7349?
False
Is 26 a factor of 322?
False
Is 1324 a multiple of 53?
False
Is 362 a multiple of 11?
False
Is 4479 a multiple of 190?
False
Does 3 divide 3019?
False
Is 7992 a multiple of 37?
True
Is 29683 a multiple of 29?
False
Is 8 a factor of 288?
True
Is 90 a multiple of 45?
True
Is 10 a factor of 1391?
False
Is 43681 a multiple of 230?
False
Does 6 divide 42003?
False
Is 5146 a multiple of 166?
True
Is 14 a factor of 229?
False
Does 338 divide 59768?
False
Is 1214 even?
True
Is 20 a factor of 44731?
False
Does 21 divide 1092?
True
Is 33816 a multiple of 180?
False
Does 93 divide 29202?
True
Is 8 a factor of 153?
False
Is 8140 a multiple of 370?
True
Does 8 divide 72?
True
Does 25 divide 335?
False
Is 197 a multiple of 6?
False
Is 1960 a multiple of 8?
True
Is 539 a multiple of 11?
True
Is 9 a factor of 342?
True
Is 1503 a multiple of 40?
False
Does 40 divide 40?
True
Is 1178 a multiple of 17?
False
Does 27 divide 522?
False
Is 9 a factor of 63?
True
Is 6232 a multiple of 6?
False
Is 104 a factor of 1115?
False
Is 199 a multiple of 2?
False
Is 858 a multiple of 33?
True
Does 4 divide 132?
True
Does 4 divide 189?
False
Does 22 divide 23732?
False
Is 141 a factor of 162327?
False
Is 9 a factor of 14877?
True
Does 7 divide 18830?
True
Is 6510 a multiple of 32?
False
Does 31 divide 465?
True
Does 72 divide 14234?
False
Is 9156 a multiple of 21?
True
Is 352 a multiple of 2?
True
Is 9 a factor of 231?
False
Does 9 divide 252?
True
Is 100 a factor of 2700?
True
Does 86 divide 132010?
True
Is 34 a factor of 1492?
False
Is 867 a multiple of 17?
True
Is 8944 a multiple of 26?
True
Does 23 divide 4117?
True
Is 81 a factor of 21627?
True
Does 100 divide 3900?
True
Is 123 even?
False
Is 2 a factor of 92?
True
Is 122 a factor of 23668?
True
Is 1196 a multiple of 13?
True
Is 11340 a multiple of 42?
True
Is 31 a factor of 11626?
False
Does 27 divide 8096?
False
Is 22 a factor of 415?
False
Is 3760 a multiple of 45?
False
Is 7230 a multiple of 15?
True
Is 2 a factor of 13520?
True
Does 10 divide 1700?
True
Does 19 divide 463?
False
Is 1529 even?
False
Is 48 a factor of 1152?
True
Is 355 a multiple of 22?
False
Is 12 a factor of 1680?
True
Is 14106 a multiple of 3?
True
Is 58 a factor of 7134?
True
Is 31 a factor of 63364?
True
Is 81 a factor of 729?
True
Is 21 a factor of 300?
False
Is 1063 a multiple of 20?
False
Is 56 a factor of 212?
False
Is 14906 a multiple of 21?
False
Is 350 a multiple of 38?
False
Is 8873 even?
False
Does 50 divide 1250?
True
Is 2 a factor of 4933?
False
Is 18 a factor of 11322?
True
Does 2 divide 3?
False
Is 62 a factor of 23932?
True
Does 4 divide 1718?
False
Is 12114 a multiple of 54?
False
Is 26390 a multiple of 7?
True
Is 97 a factor of 474?
False
Is 165 a multiple of 55?
True
Is 27 a factor of 26546?
False
Does 87 divide 357?
False
Is 10 a factor of 810?
True
Is 2052 a multiple of 18?
True
Is 45 a factor of 220?
False
Is 26 a factor of 1196?
True
Does 16 divide 1984?
True
Is 5 a factor of 282?
False
Is 5 a factor of 2125?
True
Does 59 divide 5782?
True
Is 7 a factor of 735?
True
Is 18 a factor of 2286?
True
Is 400 a multiple of 44?
False
Does 11 divide 1331?
True
Is 2676 a multiple of 69?
False
Does 11 divide 277?
False
Is 52 a factor of 1305?
False
Does 7 divide 427?
True
Is 2520 a multiple of 24?
True
Does 20 divide 236?
False
Is 10 a factor of 2857?
False
Is 841 a multiple of 34?
False
Is 486 a multiple of 27?
True
Is 20 a factor of 50159?
False
Is 13262 a multiple of 38?
True
Is 67 even?
False
Is 2688 a multiple of 84?
True
Is 32452 a multiple of 28?
True
Is 409 a factor of 90389?
True
Is 17476 a multiple of 22?
False
Is 86 a factor of 4558?
True
Is 8416 a multiple of 10?
False
Does 233 divide 51260?
True
Is 10045 a multiple of 205?
True
Is 2834 a multiple of 80?
False
Is 5 a factor of 201?
False
Is 6 a factor of 1641?
False
Is 4 a factor of 24?
True
Does 11 divide 77?
True
Is 99 a factor of 2079?
True
Is 630 a multiple of 18?
True
Does 4 divide 41740?
True
Is 81 a multiple of 9?
True
Is 146 a multiple of 43?
False
Does 5 divide 6241?
False
Is 27166 a multiple of 17?
True
Does 8 divide 80?
True
Is 104 a factor of 8840?
True
Does 87 divide 87?
True
Does 46 divide 874?
True
Is 3 a factor of 648?
True
Does 117 divide 2458?
False
Does 33 divide 54237?
False
Does 49 divide 21119?
True
Is 3225 a multiple of 14?
False
Is 5976 a multiple of 24?
True
Does 19 divide 670?
False
Is 261 a multiple of 9?
True
Is 69 a multiple of 3?
True
Does 3 divide 6?
True
Is 5405 a multiple of 36?
False
Is 117530 a multiple of 10?
True
Does 36 divide 7141?
False
Is 5083 a multiple of 61?
False
Is 3 a factor of 264?
True
Is 36367 a multiple of 9?
False
Is 40168 a multiple of 232?
False
Is 30 a factor of 1830?
True
Is 44 a factor of 104192?
True
Is 17010 a multiple of 27?
True
Is 12 a factor of 2690?
False
Is 3065 a multiple of 20?
False
Is 1210 a multiple of 55?
True
Is 4355 a multiple of 10?
False
Is 12075 a multiple of 345?
True
Does 15 divide 29787?
False
Is 3235 a multiple of 5?
True
Is 2917 a multiple of 28?
False
Is 91 a factor of 6006?
True
Does 32 divide 8128?
True
Does 50 divide 13274?
False
Is 38 a factor